{"id":13459,"date":"2023-02-13T08:24:31","date_gmt":"2023-02-13T07:24:31","guid":{"rendered":"https:\/\/www.jola-info.de\/wp-content\/uploads\/2023\/02\/Gedenken-Josef-Lambrecht-20220921-153308.jpg"},"modified":"2023-02-13T08:25:03","modified_gmt":"2023-02-13T07:25:03","slug":"gedenken-josef-lambrecht-20220921-153308-2","status":"inherit","type":"attachment","link":"https:\/\/www.jola-info.de\/fr\/hommage-a-josef-lambrecht-1906-1958\/gedenken-josef-lambrecht-20220921-153308-2\/","title":{"rendered":"Gedenken Josef Lambrecht 20220921 153308"},"author":1,"featured_media":0,"comment_status":"open","ping_status":"closed","template":"","meta":{"_acf_changed":false},"class_list":["post-13459","attachment","type-attachment","status-inherit","hentry"],"acf":[],"yoast_head":"<!-- This site is optimized with the Yoast SEO plugin v21.2 - https:\/\/yoast.com\/wordpress\/plugins\/seo\/ -->\n<title>Gedenken Josef Lambrecht 20220921 153308 - Jola Spezialschalter GmbH &amp; Co. KG<\/title>\n<meta name=\"robots\" content=\"index, follow, max-snippet:-1, max-image-preview:large, max-video-preview:-1\" \/>\n<link rel=\"canonical\" href=\"https:\/\/www.jola-info.de\/wp-content\/uploads\/2023\/02\/gedenken-josef-lambrecht-20220921-153308.jpg\" \/>\n<meta property=\"og:locale\" content=\"fr_FR\" \/>\n<meta property=\"og:type\" content=\"article\" \/>\n<meta property=\"og:title\" content=\"Gedenken Josef Lambrecht 20220921 153308 - Jola Spezialschalter GmbH &amp; Co. KG\" \/>\n<meta property=\"og:url\" content=\"https:\/\/www.jola-info.de\/wp-content\/uploads\/2023\/02\/gedenken-josef-lambrecht-20220921-153308.jpg\" \/>\n<meta property=\"og:site_name\" content=\"Jola Spezialschalter GmbH &amp; Co. KG\" \/>\n<meta property=\"article:modified_time\" content=\"2023-02-13T07:25:03+00:00\" \/>\n<meta property=\"og:image\" content=\"https:\/\/www.jola-info.de\/wp-content\/uploads\/2023\/02\/gedenken-josef-lambrecht-20220921-153308.jpg\" \/>\n\t<meta property=\"og:image:width\" content=\"2016\" \/>\n\t<meta property=\"og:image:height\" content=\"980\" \/>\n\t<meta property=\"og:image:type\" content=\"image\/jpeg\" \/>\n<meta name=\"twitter:card\" content=\"summary_large_image\" \/>\n<script type=\"application\/ld+json\" class=\"yoast-schema-graph\">{\"@context\":\"https:\/\/schema.org\",\"@graph\":[{\"@type\":\"WebPage\",\"@id\":\"https:\/\/www.jola-info.de\/wp-content\/uploads\/2023\/02\/gedenken-josef-lambrecht-20220921-153308.jpg\",\"url\":\"https:\/\/www.jola-info.de\/wp-content\/uploads\/2023\/02\/gedenken-josef-lambrecht-20220921-153308.jpg\",\"name\":\"Gedenken Josef Lambrecht 20220921 153308 - Jola Spezialschalter GmbH &amp; Co. KG\",\"isPartOf\":{\"@id\":\"https:\/\/www.jola-info.de\/#website\"},\"datePublished\":\"2023-02-13T07:24:31+00:00\",\"dateModified\":\"2023-02-13T07:25:03+00:00\",\"breadcrumb\":{\"@id\":\"https:\/\/www.jola-info.de\/wp-content\/uploads\/2023\/02\/gedenken-josef-lambrecht-20220921-153308.jpg#breadcrumb\"},\"inLanguage\":\"fr-FR\",\"potentialAction\":[{\"@type\":\"ReadAction\",\"target\":[\"https:\/\/www.jola-info.de\/wp-content\/uploads\/2023\/02\/gedenken-josef-lambrecht-20220921-153308.jpg\"]}]},{\"@type\":\"BreadcrumbList\",\"@id\":\"https:\/\/www.jola-info.de\/wp-content\/uploads\/2023\/02\/gedenken-josef-lambrecht-20220921-153308.jpg#breadcrumb\",\"itemListElement\":[{\"@type\":\"ListItem\",\"position\":1,\"name\":\"\",\"item\":\"https:\/\/www.jola-info.de\/fr\/\"},{\"@type\":\"ListItem\",\"position\":2,\"name\":\"Unternehmensneuigkeit\",\"item\":\"https:\/\/www.jola-info.de\/category\/unternehmensneuigkeit\/\"},{\"@type\":\"ListItem\",\"position\":3,\"name\":\"Hommage \u00e0 Josef LAMBRECHT (1906-1958)\",\"item\":\"https:\/\/www.jola-info.de\/fr\/hommage-a-josef-lambrecht-1906-1958\/\"},{\"@type\":\"ListItem\",\"position\":4,\"name\":\"Gedenken Josef Lambrecht 20220921 153308\"}]},{\"@type\":\"WebSite\",\"@id\":\"https:\/\/www.jola-info.de\/#website\",\"url\":\"https:\/\/www.jola-info.de\/\",\"name\":\"Jola Spezialschalter GmbH &amp; Co. KG\",\"description\":\"F\u00fcllstandsmessung, Leckagedetektion, Leckagewarnger\u00e4te, K\u00fchldecken-Regelger\u00e4te, Endschalter\",\"potentialAction\":[{\"@type\":\"SearchAction\",\"target\":{\"@type\":\"EntryPoint\",\"urlTemplate\":\"https:\/\/www.jola-info.de\/?s={search_term_string}\"},\"query-input\":\"required name=search_term_string\"}],\"inLanguage\":\"fr-FR\"}]}<\/script>\n<!-- \/ Yoast SEO plugin. -->","yoast_head_json":{"title":"Gedenken Josef Lambrecht 20220921 153308 - Jola Spezialschalter GmbH &amp; Co. KG","robots":{"index":"index","follow":"follow","max-snippet":"max-snippet:-1","max-image-preview":"max-image-preview:large","max-video-preview":"max-video-preview:-1"},"canonical":"https:\/\/www.jola-info.de\/wp-content\/uploads\/2023\/02\/gedenken-josef-lambrecht-20220921-153308.jpg","og_locale":"fr_FR","og_type":"article","og_title":"Gedenken Josef Lambrecht 20220921 153308 - Jola Spezialschalter GmbH &amp; Co. KG","og_url":"https:\/\/www.jola-info.de\/wp-content\/uploads\/2023\/02\/gedenken-josef-lambrecht-20220921-153308.jpg","og_site_name":"Jola Spezialschalter GmbH &amp; Co. KG","article_modified_time":"2023-02-13T07:25:03+00:00","og_image":[{"width":2016,"height":980,"url":"https:\/\/www.jola-info.de\/wp-content\/uploads\/2023\/02\/gedenken-josef-lambrecht-20220921-153308.jpg","type":"image\/jpeg"}],"twitter_card":"summary_large_image","schema":{"@context":"https:\/\/schema.org","@graph":[{"@type":"WebPage","@id":"https:\/\/www.jola-info.de\/wp-content\/uploads\/2023\/02\/gedenken-josef-lambrecht-20220921-153308.jpg","url":"https:\/\/www.jola-info.de\/wp-content\/uploads\/2023\/02\/gedenken-josef-lambrecht-20220921-153308.jpg","name":"Gedenken Josef Lambrecht 20220921 153308 - Jola Spezialschalter GmbH &amp; Co. KG","isPartOf":{"@id":"https:\/\/www.jola-info.de\/#website"},"datePublished":"2023-02-13T07:24:31+00:00","dateModified":"2023-02-13T07:25:03+00:00","breadcrumb":{"@id":"https:\/\/www.jola-info.de\/wp-content\/uploads\/2023\/02\/gedenken-josef-lambrecht-20220921-153308.jpg#breadcrumb"},"inLanguage":"fr-FR","potentialAction":[{"@type":"ReadAction","target":["https:\/\/www.jola-info.de\/wp-content\/uploads\/2023\/02\/gedenken-josef-lambrecht-20220921-153308.jpg"]}]},{"@type":"BreadcrumbList","@id":"https:\/\/www.jola-info.de\/wp-content\/uploads\/2023\/02\/gedenken-josef-lambrecht-20220921-153308.jpg#breadcrumb","itemListElement":[{"@type":"ListItem","position":1,"name":"","item":"https:\/\/www.jola-info.de\/fr\/"},{"@type":"ListItem","position":2,"name":"Unternehmensneuigkeit","item":"https:\/\/www.jola-info.de\/category\/unternehmensneuigkeit\/"},{"@type":"ListItem","position":3,"name":"Hommage \u00e0 Josef LAMBRECHT (1906-1958)","item":"https:\/\/www.jola-info.de\/fr\/hommage-a-josef-lambrecht-1906-1958\/"},{"@type":"ListItem","position":4,"name":"Gedenken Josef Lambrecht 20220921 153308"}]},{"@type":"WebSite","@id":"https:\/\/www.jola-info.de\/#website","url":"https:\/\/www.jola-info.de\/","name":"Jola Spezialschalter GmbH &amp; Co. KG","description":"F\u00fcllstandsmessung, Leckagedetektion, Leckagewarnger\u00e4te, K\u00fchldecken-Regelger\u00e4te, Endschalter","potentialAction":[{"@type":"SearchAction","target":{"@type":"EntryPoint","urlTemplate":"https:\/\/www.jola-info.de\/?s={search_term_string}"},"query-input":"required name=search_term_string"}],"inLanguage":"fr-FR"}]}},"description":{"rendered":"<p class=\"attachment\"><a href='https:\/\/www.jola-info.de\/wp-content\/uploads\/2023\/02\/gedenken-josef-lambrecht-20220921-153308.jpg'><img loading=\"lazy\" decoding=\"async\" width=\"700\" height=\"340\" src=\"https:\/\/www.jola-info.de\/wp-content\/uploads\/2023\/02\/gedenken-josef-lambrecht-20220921-153308-700x340.jpg\" class=\"attachment-medium size-medium\" alt=\"\" srcset=\"https:\/\/www.jola-info.de\/wp-content\/uploads\/2023\/02\/gedenken-josef-lambrecht-20220921-153308-700x340.jpg 700w, https:\/\/www.jola-info.de\/wp-content\/uploads\/2023\/02\/gedenken-josef-lambrecht-20220921-153308-1024x498.jpg 1024w, https:\/\/www.jola-info.de\/wp-content\/uploads\/2023\/02\/gedenken-josef-lambrecht-20220921-153308-150x73.jpg 150w, https:\/\/www.jola-info.de\/wp-content\/uploads\/2023\/02\/gedenken-josef-lambrecht-20220921-153308-768x373.jpg 768w, https:\/\/www.jola-info.de\/wp-content\/uploads\/2023\/02\/gedenken-josef-lambrecht-20220921-153308-1536x747.jpg 1536w, https:\/\/www.jola-info.de\/wp-content\/uploads\/2023\/02\/gedenken-josef-lambrecht-20220921-153308.jpg 2016w\" sizes=\"auto, (max-width: 700px) 100vw, 700px\" \/><\/a><\/p>\n"},"caption":{"rendered":""},"alt_text":"","media_type":"image","mime_type":"image\/jpeg","media_details":{"width":2016,"height":980,"file":"2023\/02\/gedenken-josef-lambrecht-20220921-153308.jpg","filesize":865943,"sizes":{"medium":{"file":"gedenken-josef-lambrecht-20220921-153308-700x340.jpg","width":700,"height":340,"filesize":68400,"mime_type":"image\/jpeg","source_url":"https:\/\/www.jola-info.de\/wp-content\/uploads\/2023\/02\/gedenken-josef-lambrecht-20220921-153308-700x340.jpg"},"large":{"file":"gedenken-josef-lambrecht-20220921-153308-1024x498.jpg","width":1024,"height":498,"filesize":144320,"mime_type":"image\/jpeg","source_url":"https:\/\/www.jola-info.de\/wp-content\/uploads\/2023\/02\/gedenken-josef-lambrecht-20220921-153308-1024x498.jpg"},"thumbnail":{"file":"gedenken-josef-lambrecht-20220921-153308-150x73.jpg","width":150,"height":73,"filesize":3867,"mime_type":"image\/jpeg","source_url":"https:\/\/www.jola-info.de\/wp-content\/uploads\/2023\/02\/gedenken-josef-lambrecht-20220921-153308-150x73.jpg"},"medium_large":{"file":"gedenken-josef-lambrecht-20220921-153308-768x373.jpg","width":768,"height":373,"filesize":81386,"mime_type":"image\/jpeg","source_url":"https:\/\/www.jola-info.de\/wp-content\/uploads\/2023\/02\/gedenken-josef-lambrecht-20220921-153308-768x373.jpg"},"1536x1536":{"file":"gedenken-josef-lambrecht-20220921-153308-1536x747.jpg","width":1536,"height":747,"filesize":303967,"mime_type":"image\/jpeg","source_url":"https:\/\/www.jola-info.de\/wp-content\/uploads\/2023\/02\/gedenken-josef-lambrecht-20220921-153308-1536x747.jpg"},"post-thumbnail":{"file":"gedenken-josef-lambrecht-20220921-153308-350x350.jpg","width":350,"height":350,"filesize":37437,"mime_type":"image\/jpeg","source_url":"https:\/\/www.jola-info.de\/wp-content\/uploads\/2023\/02\/gedenken-josef-lambrecht-20220921-153308-350x350.jpg"},"full":{"file":"gedenken-josef-lambrecht-20220921-153308.jpg","width":2016,"height":980,"mime_type":"image\/jpeg","source_url":"https:\/\/www.jola-info.de\/wp-content\/uploads\/2023\/02\/gedenken-josef-lambrecht-20220921-153308.jpg"}},"image_meta":{"aperture":"1.7","credit":"","camera":"SM-G950F","caption":"","created_timestamp":"1663774388","copyright":"","focal_length":"4.2","iso":"50","shutter_speed":"0.016666666666667","title":"","orientation":"1","keywords":[]},"url":"gedenken-josef-lambrecht-20220921-153308.jpg"},"post":13455,"source_url":"https:\/\/www.jola-info.de\/wp-content\/uploads\/2023\/02\/gedenken-josef-lambrecht-20220921-153308.jpg","_links":{"self":[{"href":"https:\/\/www.jola-info.de\/fr\/wp-json\/wp\/v2\/media\/13459","targetHints":{"allow":["GET"]}}],"collection":[{"href":"https:\/\/www.jola-info.de\/fr\/wp-json\/wp\/v2\/media"}],"about":[{"href":"https:\/\/www.jola-info.de\/fr\/wp-json\/wp\/v2\/types\/attachment"}],"author":[{"embeddable":true,"href":"https:\/\/www.jola-info.de\/fr\/wp-json\/wp\/v2\/users\/1"}],"replies":[{"embeddable":true,"href":"https:\/\/www.jola-info.de\/fr\/wp-json\/wp\/v2\/comments?post=13459"}]}}

<!-- This site is optimized with the Yoast SEO plugin v21.2 - https://yoast.com/wordpress/plugins/seo/ -->
<title>Gedenken Josef Lambrecht 20220921 153308 - Jola Spezialschalter GmbH &amp; Co. KG</title>
<meta name="robots" content="index, follow, max-snippet:-1, max-image-preview:large, max-video-preview:-1" />
<link rel="canonical" href="https://www.jola-info.de/wp-content/uploads/2023/02/gedenken-josef-lambrecht-20220921-153308.jpg" />
<meta property="og:locale" content="fr_FR" />
<meta property="og:type" content="article" />
<meta property="og:title" content="Gedenken Josef Lambrecht 20220921 153308 - Jola Spezialschalter GmbH &amp; Co. KG" />
<meta property="og:url" content="https://www.jola-info.de/wp-content/uploads/2023/02/gedenken-josef-lambrecht-20220921-153308.jpg" />
<meta property="og:site_name" content="Jola Spezialschalter GmbH &amp; Co. KG" />
<meta property="article:modified_time" content="2023-02-13T07:25:03+00:00" />
<meta property="og:image" content="https://www.jola-info.de/wp-content/uploads/2023/02/gedenken-josef-lambrecht-20220921-153308.jpg" />
	<meta property="og:image:width" content="2016" />
	<meta property="og:image:height" content="980" />
	<meta property="og:image:type" content="image/jpeg" />
<meta name="twitter:card" content="summary_large_image" />
<script type="application/ld+json" class="yoast-schema-graph">{"@context":"https://schema.org","@graph":[{"@type":"WebPage","@id":"https://www.jola-info.de/wp-content/uploads/2023/02/gedenken-josef-lambrecht-20220921-153308.jpg","url":"https://www.jola-info.de/wp-content/uploads/2023/02/gedenken-josef-lambrecht-20220921-153308.jpg","name":"Gedenken Josef Lambrecht 20220921 153308 - Jola Spezialschalter GmbH &amp; Co. KG","isPartOf":{"@id":"https://www.jola-info.de/#website"},"datePublished":"2023-02-13T07:24:31+00:00","dateModified":"2023-02-13T07:25:03+00:00","breadcrumb":{"@id":"https://www.jola-info.de/wp-content/uploads/2023/02/gedenken-josef-lambrecht-20220921-153308.jpg#breadcrumb"},"inLanguage":"fr-FR","potentialAction":[{"@type":"ReadAction","target":["https://www.jola-info.de/wp-content/uploads/2023/02/gedenken-josef-lambrecht-20220921-153308.jpg"]}]},{"@type":"BreadcrumbList","@id":"https://www.jola-info.de/wp-content/uploads/2023/02/gedenken-josef-lambrecht-20220921-153308.jpg#breadcrumb","itemListElement":[{"@type":"ListItem","position":1,"name":"","item":"https://www.jola-info.de/fr/"},{"@type":"ListItem","position":2,"name":"Unternehmensneuigkeit","item":"https://www.jola-info.de/category/unternehmensneuigkeit/"},{"@type":"ListItem","position":3,"name":"Hommage à Josef LAMBRECHT (1906-1958)","item":"https://www.jola-info.de/fr/hommage-a-josef-lambrecht-1906-1958/"},{"@type":"ListItem","position":4,"name":"Gedenken Josef Lambrecht 20220921 153308"}]},{"@type":"WebSite","@id":"https://www.jola-info.de/#website","url":"https://www.jola-info.de/","name":"Jola Spezialschalter GmbH &amp; Co. KG","description":"Füllstandsmessung, Leckagedetektion, Leckagewarngeräte, Kühldecken-Regelgeräte, Endschalter","potentialAction":[{"@type":"SearchAction","target":{"@type":"EntryPoint","urlTemplate":"https://www.jola-info.de/?s={search_term_string}"},"query-input":"required name=search_term_string"}],"inLanguage":"fr-FR"}]}</script>
<!-- / Yoast SEO plugin. -->

Hommage à Josef LAMBRECHT (1906-1958)

Füllstandsmessung, Leckagedetektion, Leckagewarngeräte, Kühldecken-Regelgeräte, Endschalter
